at is the value of -3 + (9 - 8) + 7?
5
What is the value of (-18 - -21) + (2 - 0) + -2?
3
Evaluate 3 + 8 + -15 + -2.
-6
Evaluate 2 - (4 + (2 - 3)).
-1
Calculate 1 + -10 + 11 + -4 + 5.
3
Evaluate -12 - (0 + 1 - (13 - 6)).
-6
Evaluate (9 - 11) + -2 + 0 + -1.
-5
Evaluate -19 - (16 + (-7 - 2) - 15).
-11
What is the value of 0 - -1 - ((1 - -1) + -5)?
4
Evaluate -1 + 8 + -8 + 6.
5
(4 - -2 - (6 - -7)) + 8
1
What is -4 + (4 - (5 - 4))?
-1
Evaluate -18 + 14 + (2 - -2).
0
What is 7 - 0 - (-33 - -39)?
1
11 - (-3 + 1) - (26 + -19)
6
Evaluate (-1 - 2) + 5 + -2 + 0.
0
What is 0 - (1 + 0) - (2 + -4)?
1
What is the value of 5 - ((8 - (-1 - -3)) + -3)?
2
-14 + 19 + -6 - 3
-4
Evaluate (-1 - -4) + 5 + 7 + -8.
7
What is (-3 - -10 - 7) + -2?
-2
Evaluate (-6 - 0) + -5 + 5 - -2.
-4
77 + -68 + -1 + -6
2
What is (-6 - -5) + -3 - (-2 + 3)?
-5
Evaluate (5 + -9 - -5) + 0 + 3.
4
Calculate (3 - 2) + (3 - 9) - 0.
-5
What is -5 - -9 - -2 - (10 - -1)?
-5
6 + (-9 - -6) + 8
11
Evaluate (-3 - 0) + (-4 - (4 - 10)).
-1
(-9 - -12) + 8 + -4
7
What is the value of (-2 - -6) + -3 + (0 - 4)?
-3
5 + -5 - -2 - -2
4
Calculate -5 + 6 + 2 - 8.
-5
What is -2 - -4 - 4 - -3?
1
Calculate (-7 - -1 - -4) + -2 - -3.
-1
What is the value of -12 - ((-7 - -1) + -3)?
-3
What is 0 + 5 + -7 + 11?
9
(-11 - -1) + (-15 - -26)
1
Calculate (3 + -8 + 2 - -8) + -3.
2
What is -5 + -6 - (9 + -1 - 13)?
-6
Calculate (-3 - -1) + 4 + 1.
3
Calculate (-1 - 4) + 7 + -3.
-1
What is the value of -1 - (-1 + (-5 - -10))?
-5
Evaluate 1 + (1 - 6) + 5 + 0.
1
Calculate (1 - 1) + 1 + 1.
2
What is 3 + -1 - (-3 + 5)?
0
Calculate (13 - 12) + (-5 - (3 - 1)).
-6
Calculate 5 + -1 + 0 + -1 + 2.
5
What is (1 - (-2 - -7)) + 6?
2
Calculate 2 + -3 - (-3 + 5 + -4).
1
What is the value of (0 - (0 - 0)) + -3 - 4?
-7
Calculate 5 + -5 + 2 - 5.
-3
Evaluate (1 - -5) + 0 + -8 + 3.
1
What is the value of -3 - ((-1 - 2) + 0 + 5)?
-5
What is (-1 - -2) + -1 + 1?
1
What is -79 + 74 - (0 - 8)?
3
What is -4 + 3 + (-5 - -3)?
-3
What is the value of 5 - (-5 + (-9 - -3) + 13)?
3
5 + -5 - -5 - (-3 + 12)
-4
32 + -41 - (-13 - -2)
2
What is 11 + -10 - (2 + (-3 - 3))?
5
Evaluate 6 - (9 + (-2 - 0) + -4).
3
Evaluate -1 + (-4 + -3 - -4).
-4
Evaluate (-13 - (1 + -12)) + 8.
6
What is -1 - (-4 - (-4 + 2))?
1
Evaluate -125 + 114 + -1 + 15.
3
What is the value of 8 + -11 + (0 - (1 + -7))?
3
Calculate (3 - 35) + 11 - -12.
-9
(8 - (9 + -4)) + -5
-2
What is the value of -19 - -26 - (-3 + 4)?
6
(-2 - -5 - (7 - 0)) + -1
-5
What is (0 - (1 - 1)) + -7 + 2?
-5
-4 + 7 + 2 + -2
3
Calculate -4 + (-3 + 4 - 2).
-5
What is the value of 9 + 10 + -15 - 7?
-3
(0 - 2) + -5 + 2
-5
Calculate (0 - -3) + 6 + (10 - 17).
2
Calculate (-8 - 3) + -1 + 6 - -5.
-1
What is the value of 9 - 3 - (-6 + 6 + 5)?
1
(56 - 64) + 6 + -1 + 2
-1
Calculate -1 - (-4 - -4 - 3).
2
What is the value of 0 - (1 + (-3 - -3) + -5)?
4
21 - 14 - (3 - -2)
2
Calculate -11 + -4 + -1 + 1 + 9.
-6
-7 + 13 - 4 - 2
0
What is -6 + 6 + (-1 - 4) - -8?
3
Evaluate 2 - -5 - 25 - (-6 + -3).
-9
Evaluate 2 - (9 + -13 + (2 - -1)).
3
Evaluate 3 + (-14 - (-8 - 0)).
-3
Evaluate 2 + -1 + -4 + 5 + -3.
-1
Evaluate 1 + -2 + (-8 - -6).
-3
Calculate 2 + 0 - (-20 - -29).
-7
Calculate (-4 - -1) + 10 + (2 - 9).
0
Calculate -10 + (9 - (9 + -4)).
-6
2 - ((3 - 6) + (9 - 0))
-4
What is the value of 1 + -7 + 8 - 7?
-5
-4 - -11 - (-4 - -15)
-4
Calculate (1 - 12) + 7 - (-4 - -2).
-2
Calculate 3 - 1 - ((-26 - -8) + 19).
1
Evaluate 0 - -1 - ((-3 - 2) + 5).
1
What is the value of -1 + (1 - 1) - (0 + -1)?
0
Calculate 2 + -1 + 2 + -5.
-2
(0 + -4 - -3) + 4 + -2
1
Evaluate (0 + -1 - -2) + -4 + 4.
1
-1 - -3 - (56 + -56)
2
Calculate 1 + -6 + 0 + 5.
0
What is the value of 2 - (-5 + -1 - -2 - -8)?
-2
What is -2 - 3 - -9 - 4?
0
-1 + 1 - (15 + -10)
-5
Calculate 3 + 0 - (4 - 1 - 4).
4
What is (0 - -4) + (11 - 11)?
4
What is (1 - 3) + 0 + 3 + 2?
3
Evaluate -2 + (-2 - 0 - 2) - -3.
-3
What is (-15 - -18) + -1 + -11 + 1?
-8
What is 5 - (3 + (-2 - (-2 - 3)))?
-1
Evaluate (2 - (-1 + 1 + -2)) + 1.
5
3 - 1 - 7 - (-37 - -33)
-1
What is the value of (1 - (1 + 1)) + -3 - -1?
-3
What is the value of 1 - (-1 + -1) - (21 + -18)?
0
What is -7 + (5 - (5 - 4))?
-3
Evaluate 5 + -6 - (1 - -1) - 2.
-5
Calculate -1 - 2 - (1 - (1 - -1)).
-2
-9 + (-3 - -6) + 1
-5
Evaluate 0 - (-3 - -8 - 7 - -8).
-6
Evaluate 11 + -1 + -10 - -5.
5
What is the value of -11 + 18 + -2 + -14?
-9
(4 - (-3 - (0 - 3))) + -4
0
Calculate -5 - (9 - (5 + 8)).
-1
What is the value of -2 - (-3 - (3 + (-3 - 5)))?
-4
What is 2 + 5 - (4 + 2) - -1?
2
What is -13 + 17 - (-5 + 0 - -3)?
6
What is the value of (-7 - -1 - 1) + (2 - 1)?
-6
What is -9 + -1 + 4 - -12?
6
What is (-1 - -10) + -2 + 0?
7
What is (0 - -1 - -4) + -4?
1
What is the value of -10 + -3 + (2 - -5)?
-6
0 + 2 - (1 + 5 - 5)
1
0 + (-3 - (3 - 4))
-2
Evaluate 10 - (4 - 4 - (0 - 3)).
7
What is the value of -14 + (-2 - -11) - -15?
10
Calculate -3 - ((1 - 3) + 3).
-4
-6 + 13 + -4 - 5
-2
3 + -8 + 8 - 3
0
Evaluate -1 + 4 + 4 + -3.
4
What is (1 - (-2 - -4)) + -2 + 5?
2
Evaluate 0 - (8 + -7 + -7).
6
Calculate -10 - (-17 - -12) - (-1 - 10).
6
What is -6 + 2 + (0 - -2)?
-2
What is -4 + (9 + -5 + 3 - 3)?
0
(1 - 0) + 4 - (-42 - -52)
-5
(4 - (1 + -1)) + (5 - 9)
0
-6 - (8 + (-18 - 3))
7
Evaluate 4 - (12 - (3 + 0)).
-5
0 + (7 - (2 - -3))
2
What is 11 - 23 - -4 - -3?
-5
-3 - (0 - (-6 + 4) - -2)
-7
What is the value of 15 + -18 + 1 + 7?
5
Evaluate 0 - 0 - 0 - (-1 + 6).
-5
Evaluate (-12 - (-4 - (-4 - -4))) + 4.
-4
What is the value of 0 + -1 + 0 + 0 + 4?
3
3 - (14 + -15 - (0 - 0))
4
What is 2 + (2 + -3 + 1 - 0)?
2
-8 + 12 + -10 - -3
-3
Calculate 133 + -137 - (-9 + -1 + -1).
7
Evaluate 1 - ((14 - 10) + (-5 - 0)).
2
What is the value of 15 + -16 + -3 + -2?
-6
-1 + (8 - (8 + -2 + -2))
3
Evaluate 13 - (-10 - (-14 - 2)).
7
-1 - (0 - 7) - (-13 + 19)
0
-5 - -8 - (-4 + 8 - -7)
-8
Calculate (1 - 7) + -60 + 60.
-6
-4 - (-1 + 14 + -10)
-7
Evaluate -1 + -2 - (-4 - 2 - -4).
-1
Calculate 0 + 2 + (4 + -9 - 2).
-5
Calculate -10 - (-3 - (-2 + 5)) - 2.
-6
What is the value of 0 + -1 - (-2 - (-9 - -11))?
3
Calculate 10 + (-7 - 7) + (3 - 3).
-4
Calculate -10 - -20 - 6 - (-1 + -2).
7
Evaluate -98 + 88 - (0 - 4).
-6
What is (2 - (4 + 0)) + 5?
3
Calculate (-7 - -11) + -6 + (9 - 2).
5
Evaluate (-7 - -1) + (-2 - -2).
-6
What is -10 + (-11 - -10 - -11)?
0
What is 0 + (-3 - (0 + -4))?
1
What is the value of (10 - 12) + (-1 - 0) + 5?
2
Evaluate -2 + (-3 + 0 - (31 + -29)).
-7
What is the value of 2 + -9 - -11 - (0 + -1)?
5
Evaluate -9 + (59 - 58 - (0 - 2)).
-6
What is the value of 1 - (-5 + 4 + -1 + 0)?
3
What is 2 - (-3 - -2 - -5)?
-2
Calculate 2 + 1 + (1 - (-1 + 7)).
-2
What is 4 - ((3 - 2) + 1)?
2
Calculate -6 + -3 + 0 - (-5 - 3).
-1
What is the value of -34 - -44 - (0 - -6)?
4
Evaluate 5 + (-3 - ((3 - 3) + 1)).
1
Calculate 0 + ((2 - 7) + 2 - -3).
0
-7 - (-7 + 1 + 0)
-1
Evaluate (10 - 4) + 2 + (-3 - 4).
1
What is -5 + 4 + (0 - 3 - 1)?
-5
Evaluate (0 - 1) + -14 + 15.
0
Calculate -13 - -9 - (-1 - (-5 - -1)).
-7
Evaluate 2 + -3 - 0 - (-8 - -3).
4
What is the value of (-2 - (0 - 4) - 3) + -4?
-5
Evaluate (-6 - -8) + 5 - (0 + 4).
3
What is -3 - (-8 + (10 - 12))?
7
What is the value of 3 + (-12 - -9) - -10?
10
What is the value of 4 + 0 + -4 + 2?
2
Evaluate 8 + -3 + -1 - 4 - -4.
4
What is 1 - (4 - (-1 - -4))?
0
Evaluate (41 - 44) + (-2 - (-6 + -2)).
3
(-3 - (-1 - 4)) + 3
5
Evaluate (47 - 47) + (3 - 1) + 0.
2
Calculate (-1 - 2) + -3 + 7.
1
Calculate 6 + -19 + (4 - -3).
-6
What is the value of -5 - (0 + -7 - (14 + -15))?
1
What is (-7 - (9 + -15)) + 5?
4
Calculate 4 - 1 - (8 - (17 - 13)).
-1
What is (8 - (4 + -5)) + -10?
-1
Evaluate (3 + 0 - 2) + -5 - -4.
0
Calculate (-14 - (7 - 2)) + 10.
-9
6 - ((-4 - -2) + 0) - 12
-4
Calculate -3 + (-4 - -1 - -3 - 1).
-4
Calculate 0 - (8 + -5) - -4.
1
Calculate -9 - (13 + -8) - (1 + -9).
-6
What is the value of (-1 - (1 + 10)) + 16?
4
What is the value of -1 + 8 + (0 - 8) + 6?
5
What is the value of 0 + 4 + -1 + 2 - 8?
-3
What is the value of -42 + 41 - (6 + 1) - -7?
-1
Calculate (9 - 19) + 1 + 3 + 3.
-3
-1 + -1 + 7 - -6 - 7
4
Evaluate 9 + -11 + -3 + 0.
-5
Evaluate (7 - (6 + -7)) + -8.
0
(-14 - 1) + (37 - 26)
-4
(-6 - 0 - -11) + -8 - -2
-1
What is (6 - 0) + -4 + -2 + -4?
-4
Calculate -5 - (-13 + 10 + -1).
-1
-523 - -516 - ((-1 - 3) + 0)
-3
3 - (-3 + 8) - -5
3
24 + -29 + (-2 - -3